{"id":10895,"date":"2025-04-03T07:47:10","date_gmt":"2025-04-03T07:47:10","guid":{"rendered":"https:\/\/tallerescerda.com\/maquinaria-agricola\/?post_type=product&#038;p=10895"},"modified":"2025-07-01T00:01:40","modified_gmt":"2025-07-01T00:01:40","slug":"motoazada-mh-700-1","status":"publish","type":"product","link":"https:\/\/tallerescerda.com\/maquinaria-agricola\/producto\/motoazada-mh-700-1\/","title":{"rendered":"Motoazada MH-700.1"},"content":{"rendered":"<p>MH-700.1<\/p>\n<ul>\n<li>Motor EVC 700<\/li>\n<li>252 cent\u00edmetros c\u00fabicos de motor<\/li>\n<li>7,1 CV de potencia<\/li>\n<li>Filtro de aire ba\u00f1ado en aceite<\/li>\n<li>4,0 Litros de dep\u00f3sito de combustible<\/li>\n<li>8+2 discos protectores<\/li>\n<li>121 cent\u00edmetros de ancho de corte<\/li>\n<li>Di\u00e1metro de 36 cm de fresas<\/li>\n<li>Tapa de motor de serie<\/li>\n<li>Dos marchas hacia adelante y una marcha hacia atr\u00e1s<\/li>\n<li>Rueda de transporte incluida (no labra con ruedas)<\/li>\n<li>124 kg de peso<\/li>\n<li>Manillar abatible y regulable en altura<\/li>\n<li>Cuchillas atornilladas<\/li>\n<li>Discos protectores en extremo de fresas<\/li>\n<li>Espol\u00f3n de frenado ajustable con bul\u00f3n imperdible<\/li>\n<li>Luz frontal de led y toma de fuerza trasera<\/li>\n<li>Sistema antivibraci\u00f3n y sellado de la reductora reforzado<\/li>\n<\/ul>\n<p>*SI TIENES UNA MOTOAZADA VIEJA Y LA ENTRAGAS, TE DESCONTAMOS 130\u20ac DEL PRECIO DE OFERTA*<\/p>\n","protected":false},"excerpt":{"rendered":"<p>MH-700.1 Motor EVC 700 252 cent\u00edmetros c\u00fabicos de motor 7,1 CV de potencia Filtro de aire ba\u00f1ado en aceite 4,0<\/p>\n","protected":false},"featured_media":10896,"template":"","meta":[],"product_cat":[185],"product_tag":[],"class_list":{"0":"post-10895","1":"product","2":"type-product","3":"status-publish","4":"has-post-thumbnail","6":"product_cat-motoazadas-de-gasolina","8":"first","9":"onbackorder","10":"taxable","11":"shipping-taxable","12":"purchasable","13":"product-type-simple"},"yoast_head":"<!-- This site is optimized with the Yoast SEO plugin v22.7 - https:\/\/yoast.com\/wordpress\/plugins\/seo\/ -->\n<title>Motoazada MH-700.1 - Taller Cerda<\/title>\n<meta name=\"robots\" content=\"index, follow, max-snippet:-1, max-image-preview:large, max-video-preview:-1\" \/>\n<link rel=\"canonical\" href=\"https:\/\/tallerescerda.com\/maquinaria-agricola\/producto\/motoazada-mh-700-1\/\" \/>\n<meta property=\"og:locale\" content=\"es_ES\" \/>\n<meta property=\"og:type\" content=\"article\" \/>\n<meta property=\"og:title\" content=\"Motoazada MH-700.1 - Taller Cerda\" \/>\n<meta property=\"og:description\" content=\"MH-700.1 Motor EVC 700 252 cent\u00edmetros c\u00fabicos de motor 7,1 CV de potencia Filtro de aire ba\u00f1ado en aceite 4,0\" \/>\n<meta property=\"og:url\" content=\"https:\/\/tallerescerda.com\/maquinaria-agricola\/producto\/motoazada-mh-700-1\/\" \/>\n<meta property=\"og:site_name\" content=\"Taller Cerda\" \/>\n<meta property=\"article:modified_time\" content=\"2025-07-01T00:01:40+00:00\" \/>\n<meta property=\"og:image\" content=\"https:\/\/tallerescerda.com\/maquinaria-agricola\/wp-content\/uploads\/2025\/04\/MH-700.jpg\" \/>\n\t<meta property=\"og:image:width\" content=\"1065\" \/>\n\t<meta property=\"og:image:height\" content=\"1065\" \/>\n\t<meta property=\"og:image:type\" content=\"image\/jpeg\" \/>\n<meta name=\"twitter:card\" content=\"summary_large_image\" \/>\n<meta name=\"twitter:label1\" content=\"Tiempo de lectura\" \/>\n\t<meta name=\"twitter:data1\" content=\"1 minuto\" \/>\n<script type=\"application\/ld+json\" class=\"yoast-schema-graph\">{\"@context\":\"https:\/\/schema.org\",\"@graph\":[{\"@type\":\"WebPage\",\"@id\":\"https:\/\/tallerescerda.com\/maquinaria-agricola\/producto\/motoazada-mh-700-1\/\",\"url\":\"https:\/\/tallerescerda.com\/maquinaria-agricola\/producto\/motoazada-mh-700-1\/\",\"name\":\"Motoazada MH-700.1 - Taller Cerda\",\"isPartOf\":{\"@id\":\"https:\/\/tallerescerda.com\/maquinaria-agricola\/#website\"},\"primaryImageOfPage\":{\"@id\":\"https:\/\/tallerescerda.com\/maquinaria-agricola\/producto\/motoazada-mh-700-1\/#primaryimage\"},\"image\":{\"@id\":\"https:\/\/tallerescerda.com\/maquinaria-agricola\/producto\/motoazada-mh-700-1\/#primaryimage\"},\"thumbnailUrl\":\"https:\/\/tallerescerda.com\/maquinaria-agricola\/wp-content\/uploads\/2025\/04\/MH-700.jpg\",\"datePublished\":\"2025-04-03T07:47:10+00:00\",\"dateModified\":\"2025-07-01T00:01:40+00:00\",\"breadcrumb\":{\"@id\":\"https:\/\/tallerescerda.com\/maquinaria-agricola\/producto\/motoazada-mh-700-1\/#breadcrumb\"},\"inLanguage\":\"es\",\"potentialAction\":[{\"@type\":\"ReadAction\",\"target\":[\"https:\/\/tallerescerda.com\/maquinaria-agricola\/producto\/motoazada-mh-700-1\/\"]}]},{\"@type\":\"ImageObject\",\"inLanguage\":\"es\",\"@id\":\"https:\/\/tallerescerda.com\/maquinaria-agricola\/producto\/motoazada-mh-700-1\/#primaryimage\",\"url\":\"https:\/\/tallerescerda.com\/maquinaria-agricola\/wp-content\/uploads\/2025\/04\/MH-700.jpg\",\"contentUrl\":\"https:\/\/tallerescerda.com\/maquinaria-agricola\/wp-content\/uploads\/2025\/04\/MH-700.jpg\",\"width\":1065,\"height\":1065},{\"@type\":\"BreadcrumbList\",\"@id\":\"https:\/\/tallerescerda.com\/maquinaria-agricola\/producto\/motoazada-mh-700-1\/#breadcrumb\",\"itemListElement\":[{\"@type\":\"ListItem\",\"position\":1,\"name\":\"Portada\",\"item\":\"https:\/\/tallerescerda.com\/maquinaria-agricola\/\"},{\"@type\":\"ListItem\",\"position\":2,\"name\":\"Tienda\",\"item\":\"https:\/\/tallerescerda.com\/maquinaria-agricola\/tienda\/\"},{\"@type\":\"ListItem\",\"position\":3,\"name\":\"Motoazada MH-700.1\"}]},{\"@type\":\"WebSite\",\"@id\":\"https:\/\/tallerescerda.com\/maquinaria-agricola\/#website\",\"url\":\"https:\/\/tallerescerda.com\/maquinaria-agricola\/\",\"name\":\"Taller Cerda\",\"description\":\"Maquinaria Agr\u00edcola\",\"potentialAction\":[{\"@type\":\"SearchAction\",\"target\":{\"@type\":\"EntryPoint\",\"urlTemplate\":\"https:\/\/tallerescerda.com\/maquinaria-agricola\/?s={search_term_string}\"},\"query-input\":\"required name=search_term_string\"}],\"inLanguage\":\"es\"}]}<\/script>\n<!-- \/ Yoast SEO plugin. -->","yoast_head_json":{"title":"Motoazada MH-700.1 - Taller Cerda","robots":{"index":"index","follow":"follow","max-snippet":"max-snippet:-1","max-image-preview":"max-image-preview:large","max-video-preview":"max-video-preview:-1"},"canonical":"https:\/\/tallerescerda.com\/maquinaria-agricola\/producto\/motoazada-mh-700-1\/","og_locale":"es_ES","og_type":"article","og_title":"Motoazada MH-700.1 - Taller Cerda","og_description":"MH-700.1 Motor EVC 700 252 cent\u00edmetros c\u00fabicos de motor 7,1 CV de potencia Filtro de aire ba\u00f1ado en aceite 4,0","og_url":"https:\/\/tallerescerda.com\/maquinaria-agricola\/producto\/motoazada-mh-700-1\/","og_site_name":"Taller Cerda","article_modified_time":"2025-07-01T00:01:40+00:00","og_image":[{"width":1065,"height":1065,"url":"https:\/\/tallerescerda.com\/maquinaria-agricola\/wp-content\/uploads\/2025\/04\/MH-700.jpg","type":"image\/jpeg"}],"twitter_card":"summary_large_image","twitter_misc":{"Tiempo de lectura":"1 minuto"},"schema":{"@context":"https:\/\/schema.org","@graph":[{"@type":"WebPage","@id":"https:\/\/tallerescerda.com\/maquinaria-agricola\/producto\/motoazada-mh-700-1\/","url":"https:\/\/tallerescerda.com\/maquinaria-agricola\/producto\/motoazada-mh-700-1\/","name":"Motoazada MH-700.1 - Taller Cerda","isPartOf":{"@id":"https:\/\/tallerescerda.com\/maquinaria-agricola\/#website"},"primaryImageOfPage":{"@id":"https:\/\/tallerescerda.com\/maquinaria-agricola\/producto\/motoazada-mh-700-1\/#primaryimage"},"image":{"@id":"https:\/\/tallerescerda.com\/maquinaria-agricola\/producto\/motoazada-mh-700-1\/#primaryimage"},"thumbnailUrl":"https:\/\/tallerescerda.com\/maquinaria-agricola\/wp-content\/uploads\/2025\/04\/MH-700.jpg","datePublished":"2025-04-03T07:47:10+00:00","dateModified":"2025-07-01T00:01:40+00:00","breadcrumb":{"@id":"https:\/\/tallerescerda.com\/maquinaria-agricola\/producto\/motoazada-mh-700-1\/#breadcrumb"},"inLanguage":"es","potentialAction":[{"@type":"ReadAction","target":["https:\/\/tallerescerda.com\/maquinaria-agricola\/producto\/motoazada-mh-700-1\/"]}]},{"@type":"ImageObject","inLanguage":"es","@id":"https:\/\/tallerescerda.com\/maquinaria-agricola\/producto\/motoazada-mh-700-1\/#primaryimage","url":"https:\/\/tallerescerda.com\/maquinaria-agricola\/wp-content\/uploads\/2025\/04\/MH-700.jpg","contentUrl":"https:\/\/tallerescerda.com\/maquinaria-agricola\/wp-content\/uploads\/2025\/04\/MH-700.jpg","width":1065,"height":1065},{"@type":"BreadcrumbList","@id":"https:\/\/tallerescerda.com\/maquinaria-agricola\/producto\/motoazada-mh-700-1\/#breadcrumb","itemListElement":[{"@type":"ListItem","position":1,"name":"Portada","item":"https:\/\/tallerescerda.com\/maquinaria-agricola\/"},{"@type":"ListItem","position":2,"name":"Tienda","item":"https:\/\/tallerescerda.com\/maquinaria-agricola\/tienda\/"},{"@type":"ListItem","position":3,"name":"Motoazada MH-700.1"}]},{"@type":"WebSite","@id":"https:\/\/tallerescerda.com\/maquinaria-agricola\/#website","url":"https:\/\/tallerescerda.com\/maquinaria-agricola\/","name":"Taller Cerda","description":"Maquinaria Agr\u00edcola","potentialAction":[{"@type":"SearchAction","target":{"@type":"EntryPoint","urlTemplate":"https:\/\/tallerescerda.com\/maquinaria-agricola\/?s={search_term_string}"},"query-input":"required name=search_term_string"}],"inLanguage":"es"}]}},"_links":{"self":[{"href":"https:\/\/tallerescerda.com\/maquinaria-agricola\/wp-json\/wp\/v2\/product\/10895","targetHints":{"allow":["GET"]}}],"collection":[{"href":"https:\/\/tallerescerda.com\/maquinaria-agricola\/wp-json\/wp\/v2\/product"}],"about":[{"href":"https:\/\/tallerescerda.com\/maquinaria-agricola\/wp-json\/wp\/v2\/types\/product"}],"version-history":[{"count":1,"href":"https:\/\/tallerescerda.com\/maquinaria-agricola\/wp-json\/wp\/v2\/product\/10895\/revisions"}],"predecessor-version":[{"id":10897,"href":"https:\/\/tallerescerda.com\/maquinaria-agricola\/wp-json\/wp\/v2\/product\/10895\/revisions\/10897"}],"wp:featuredmedia":[{"embeddable":true,"href":"https:\/\/tallerescerda.com\/maquinaria-agricola\/wp-json\/wp\/v2\/media\/10896"}],"wp:attachment":[{"href":"https:\/\/tallerescerda.com\/maquinaria-agricola\/wp-json\/wp\/v2\/media?parent=10895"}],"wp:term":[{"taxonomy":"product_cat","embeddable":true,"href":"https:\/\/tallerescerda.com\/maquinaria-agricola\/wp-json\/wp\/v2\/product_cat?post=10895"},{"taxonomy":"product_tag","embeddable":true,"href":"https:\/\/tallerescerda.com\/maquinaria-agricola\/wp-json\/wp\/v2\/product_tag?post=10895"}],"curies":[{"name":"wp","href":"https:\/\/api.w.org\/{rel}","templated":true}]}}